 -3*q**2 - 57*q - 543. Determine v(-12).
-291
Let i(c) = 2*c**3 + 17*c**2 + 19*c + 66. Calculate i(-9).
-186
Let d(f) = 2*f**2 + 45*f + 29. Give d(-22).
7
Let f(d) = d**3 - 24*d**2 - 55*d + 89. Give f(26).
11
Let l(q) = -q**3 + 6*q**2 - 33*q - 100. What is l(0)?
-100
Let o(k) = k**3 - 2*k**2 + 12*k - 8. Calculate o(5).
127
Let p(v) = 3*v**2 - 469*v + 632. What is p(155)?
12
Let b(f) = f**3 - 5*f**2 - 40*f + 1. Determine b(9).
-35
Let x(s) = -277*s + 8036. What is x(29)?
3
Let d(f) = -2*f**2 + 662*f + 9656. Give d(-14).
-4
Let b(j) = 6*j**2 - 79*j + 98. What is b(11)?
-45
Let w(u) = u**2 + 24*u - 5. Determine w(-26).
47
Let t(v) = -v**2 - 207*v + 24812. Determine t(-292).
-8
Let y(v) = v**3 + 4*v**2 - 627*v - 180. Calculate y(-27).
-18
Let r(b) = -20*b + 293. Calculate r(17).
-47
Let g(f) = -45*f + 1986. Give g(44).
6
Let p(z) = -64*z - 3566. What is p(-56)?
18
Let j(x) = 126*x - 511. Determine j(4).
-7
Let c(j) = -39*j - 91. Give c(-4).
65
Let x(v) = 2*v**3 + 88*v**2 - 90*v - 4. What is x(-45)?
-4
Let o(j) = -733*j + 1467. Determine o(2).
1
Let l(h) = 3*h**2 - 73*h + 471. Give l(9).
57
Let o(n) = 14*n - 396. What is o(15)?
-186
Let l(b) = -4*b**2 - 290*b - 143. Give l(-72).
1
Let t(z) = z**3 - 7*z**2 + 22*z + 3. What is t(4)?
43
Let m(q) = -464*q - 24588. What is m(-53)?
4
Let z(n) = 18*n**3 + 4*n**2 - 6*n + 5. Determine z(0).
5
Let q(d) = 32*d**2 - 353*d + 62. What is q(11)?
51
Let i(y) = y**3 - 7*y**2 - 5501*y + 49360. What is i(9)?
13
Let i(d) = 5*d**2 - 307*d - 630. Determine i(-2).
4
Let h(z) = 4*z**3 + 3*z**2 + z + 15. What is h(-5)?
-415
Let c(a) = 2*a**2 - 163*a + 1623. Calculate c(70).
13
Let b(x) = 15*x**2 + 18*x + 17. Determine b(-1).
14
Let s(r) = -r**3 - 17*r**2 + 50*r + 556. Calculate s(-18).
-20
Let q(o) = -o**3 - 343*o**2 - 2026*o - 1361. Give q(-337).
-13
Let x(s) = -8*s**2 + 15*s - 25. What is x(7)?
-312
Let k(i) = 93*i + 13764. Give k(-148).
0
Let m(a) = 7*a**3 + 54*a**2 + 24*a + 308. Give m(-8).
-12
Let j(y) = 2*y**2 - 3*y - 140. Give j(9).
-5
Let i(u) = 5*u**3 + 16*u**2 - 21*u - 23. What is i(-4)?
-3
Let x(y) = -92*y + 599. Determine x(6).
47
Let h(b) = 2*b**3 + 12*b**2 + 86*b + 211. Give h(-3).
7
Let d(u) = -403*u + 414. Calculate d(1).
11
Let q(a) = a**3 + 2*a**2 + 19*a - 170. What is q(0)?
-170
Let u(c) = 2*c**3 + 27*c**2 + 43*c + 82. What is u(-12)?
-2
Let u(l) = 2*l**3 - 134*l**2 + 1619*l + 681. Determine u(51).
18
Let g(k) = -82*k - 16406. Determine g(-200).
-6
Let n(g) = -11*g**2 - 53*g + 9. Calculate n(-5).
-1
Let p(b) = b**3 + 5*b**2 - 20*b - 8. What is p(-8)?
-40
Let f(t) = 16*t + 94. What is f(-4)?
30
Let z(n) = 504*n - 22665. Calculate z(45).
15
Let d(m) = m**3 - 18*m**2 - 26*m + 47. Determine d(18).
-421
Let y(b) = -45*b**2 + 144*b + 2. Calculate y(-2).
-466
Let i(k) = 7*k**2 + 308*k + 267. What is i(-43)?
-34
Let x(z) = z**2 + 294*z - 3980. What is x(-307)?
11
Let p(x) = x**3 + 8*x**2 + 3*x + 21. Calculate p(-8).
-3
Let o(y) = y**2 - 9*y - 17. What is o(-16)?
383
Let u(b) = 24*b**2 - 336*b + 11. Calculate u(14).
11
Let x(n) = n**3 - 8*n**2 - n + 69. Calculate x(8).
61
Let d(b) = -457*b - 336. What is d(1)?
-793
Let i(q) = q**3 + 39*q**2 + 277*q + 64. Determine i(-9).
1
Let q(z) = -2*z**3 - 27*z**2 + 3*z - 27. Determine q(-14).
127
Let h(u) = -3*u**2 + 405*u + 3439. Determine h(-8).
7
Let p(i) = -2*i**2 + 10*i + 7. Calculate p(6).
-5
Let v(z) = 21*z - 506. Calculate v(21).
-65
Let o(x) = 3*x**2 - 63*x - 22. Give o(-8).
674
Let d(g) = -17*g - 779. What is d(-47)?
20
Let x(c) = c**3 + 65*c**2 + 49*c - 900. What is x(-64)?
60
Let k(v) = v**3 + 10*v**2 + 24*v + 29. Determine k(-9).
-106
Let h(a) = 2*a**3 + 27*a**2 - 104*a + 31. Give h(3).
16
Let q(d) = d + 60. Give q(16).
76
Let t(d) = d**3 + 21*d**2 + 6*d + 85. Determine t(-21).
-41
Let r(n) = 1545*n - 1580. Determine r(1).
-35
Let d(g) = -g**3 + 12*g**2 + 21*g - 38. Determine d(6).
304
Let s(w) = -w**2 - 65*w + 2245. Give s(-90).
-5
Let p(c) = -c**3 + 21*c**2 - 59*c + 63. What is p(18)?
-27
Let f(p) = 240*p - 4299. Calculate f(19).
261
Let t(c) = 657*c**2 + 91*c + 89. Give t(-1).
655
Let h(t) = 48*t - 3985. Give h(83).
-1
Let y(x) = 1784*x - 37459. What is y(21)?
5
Let g(f) = -201*f + 1603. What is g(8)?
-5
Let j(z) = -215*z + 37195. Determine j(173).
0
Let i(m) = -33*m - 1031. Give i(-25).
-206
Let c(b) = b**3 + 14*b**2 + 13*b + 184. Determine c(-14).
2
Let s(n) = -1055*n + 5236. What is s(5)?
-39
Let q(g) = -g**3 - 50*g**2 + 8*g + 396. Calculate q(-50).
-4
Let h(v) = 5*v**2 - 220*v - 35. Determine h(44).
-35
Let h(v) = v**3 + 189*v**2 - 171*v + 3616. Determine h(-190).
6
Let r(a) = -24*a - 300. Give r(-14).
36
Let g(j) = -60*j + 472. Calculate g(8).
-8
Let p(a) = -9*a**2 - 2*a + 6. Determine p(3).
-81
Let v(m) = 8*m**2 + 114*m + 3. What is v(-14)?
-25
Let n(d) = 45*d + 161. Give n(6).
431
Let n(d) = -d**2 + 64*d - 820. Give n(53).
-237
Let g(y) = -25*y - 1960. What is g(-61)?
-435
Let s(d) = 242*d + 9937. Give s(-41).
15
Let z(i) = i**2 + 65*i - 937. Calculate z(-77).
-13
Let n(b) = -30*b**2 - 229*b - 92. What is n(-7)?
41
Let w(g) = -7*g - 80. Give w(29).
-283
Let l(d) = 12*d**2 - 19*d + 50. What is l(5)?
255
Let l(f) = -f**2 - 52*f - 520. What is l(-39)?
-13
Let i(w) = -46*w - 2044. Give i(-44).
-20
Let x(q) = 2*q**2 - 34*q + 176. Calculate x(16).
144
Let b(o) = -o**3 + 8*o**2 - 32*o + 41. Determine b(6).
-79
Let a(p) = 92*p + 6052. What is a(-66)?
-20
Let l(m) = -m**3 - 15*m**2 + m + 42. Calculate l(-15).
27
Let s(n) = n**2 - 49*n - 167. What is s(52)?
-11
Let v(d) = -4*d**3 - 6*d**2 + 14*d + 77. Determine v(-4).
181
Let b(a) = -3*a**2 + 665*a + 13718. Calculate b(-19).
0
Let y(n) = -34*n - 43. Determine y(-2).
25
Let l(o) = -o**2 + 186*o - 4669. Determine l(30).
11
Let l(x) = -27*x**2 + 349*x - 7. Give l(13).
-33
Let l(a) = 88*a**3 + 5*a**2 - 36*a + 30. Determine l(1).
87
Let c(h) = -h**2 + 13*h + 248. What is c(-12)?
-52
Let b(r) = -2*r**2 - 12*r + 317. Give b(10).
-3
Let g(m) = 19*m + 128. What is g(-6)?
14
Let x(d) = -d**2 - 9*d + 331. Determine x(12).
79
Let j(i) = 355*i + 3208. Determine j(-9).
13
Let r(y) = -1538*y + 60. Calculate r(0).
60
Let g(u) = -u**3 + 11*u**2 - 9*u + 220. Calculate g(11).
121
Let u(r) = 5*r**2 - 67*r + 468. Calculate u(6).
246
Let r(d) = -2*d**3 - 68*d**2 - 7*d - 150. Determine r(-34).
88
Let o(x) = x**3 + 3*x**2 - 139*x - 409. Determine o(-3).
8
Let f(y) = 75*y + 4829. Calculate f(-65).
-46
Let c(k) = k**3 - 120*k + 15. What is c(-11)?
4
Let g(b) = 2*b**2 - 484*b - 51525. Give g(322).
-5
Let h(c) = -7*c - 826. Give h(-118).
0
Let l(z) = z**2 - z - 82. Determine l(5).
-62
Let w(n) = -n**2 - 27*n + 18. Determine w(0).
18
Let z(p) = -3*p**2 - 37*p - 76. What is z(-14)?
-146
Let c(b) = -102*b - 650. Give c(-6).
-38
Let r(f) = 11*f**2 - 1411*f + 1793. Determine r(127).
15
Let s(c) = 2*c**2 - 34*c - 548. Give s(27).
-8
Let u(d) = 10*d + 1032. Give u(-104).
-8
Let h(q) = 52*q**2 - 39*q + 37. What is h(1)?
50
Let o(w) = -w**3 + 25*w**2 - 19*w - 123. Calculate o(24).
-3
Let o(v) = -v**3 + 111*v**2 - 68*v - 4623. Determine o(110).
-3
Let x(r) = -r**3 + 6*r**2 - 5*r - 9. Give x(3).
3
Let s(a) = a**2 + 52*a - 1229. What is s(-70)?
31
Let n(q) = -3*q**2 + 767*q - 10168. Calculate n(14).
-18
Let a(z) = -4*z**2 + 1613*z - 14574. What is a(394)?
4
Let h(g) = -g**2 + 3*g - 107. What is h(27)?
-755
Let k(m) = 19*m - 83. Give k(2).
-45
Let y(r) = 241*r - 141. What is y(0)?
-141
Let s(q) = 58*q - 3816. What is s(66)?
12
Let u(v) = -21*v**2 + 38*v + 102. Calculate u(-3).
-201
Let i(r) = 2*r**2 - 100*r + 694. Give i(42).
22
Let g(h) = 2*h + 587. Determine g(-34).
519
Let w(f) = -f**3 + 10*f**2 + 17*f - 97. Give w(9).
137
Let t(q) = -q**3 - 17*q**2 + 35*q - 82. Give t(-19).
-25
Let f(c) = -9*c**2 - 439*c + 104. Calculate f(-49).
6
Let t(c) = -c**3 - 12*c**2 + 28*c - 29. Calculate t(-14).
-29
Let t(x) = 3*x**2 - 60*x + 250. Give t(15).
25
Let z(a) = a**2 - 10*a - 320. Give z(24).
16
Let g(p) = p**3 - 6*p**2 - 88*p + 374. What is g(4)?
-10
Let y(k) = -2*k**3 + 6*k**2 + k + 15. Determine y(5).
-80
Let f(o) = -3*o**2 - 60*o - 20. What is f(-7)?
253
Let w(j) = -81*j + 64. Give w(2).
-98
Let k(g) = -16*g**2 + 2*g + 3. Determine k(-1).
-15
Let f(q) = 111*q - 3317. What is f(30)?
13
Let h(i) = -11*i - 1484. Determine h(-134).
-10
Let o(s) = -2*s**3 + 